rs of 3558?
2, 3, 593
List the prime factors of 21804.
2, 3, 23, 79
List the prime factors of 507.
3, 13
List the prime factors of 6706.
2, 7, 479
List the prime factors of 13287.
3, 43, 103
What are the prime factors of 4230?
2, 3, 5, 47
What are the prime factors of 1097?
1097
List the prime factors of 25459.
7, 3637
List the prime factors of 1303.
1303
List the prime factors of 2090.
2, 5, 11, 19
What are the prime factors of 7497?
3, 7, 17
What are the prime factors of 2024?
2, 11, 23
What are the prime factors of 113?
113
What are the prime factors of 1283?
1283
List the prime factors of 5436.
2, 3, 151
List the prime factors of 3884.
2, 971
What are the prime factors of 65223?
3, 7247
What are the prime factors of 81614?
2, 13, 43, 73
List the prime factors of 127066.
2, 63533
What are the prime factors of 444?
2, 3, 37
What are the prime factors of 2460?
2, 3, 5, 41
List the prime factors of 6408.
2, 3, 89
What are the prime factors of 12735?
3, 5, 283
List the prime factors of 2932.
2, 733
What are the prime factors of 3994?
2, 1997
List the prime factors of 16818.
2, 3, 2803
What are the prime factors of 7080?
2, 3, 5, 59
List the prime factors of 29771.
7, 4253
What are the prime factors of 142619?
142619
List the prime factors of 58160.
2, 5, 727
List the prime factors of 42149.
113, 373
What are the prime factors of 443?
443
What are the prime factors of 4674?
2, 3, 19, 41
What are the prime factors of 9056?
2, 283
What are the prime factors of 262?
2, 131
What are the prime factors of 32606?
2, 7, 17, 137
List the prime factors of 92169.
3, 7, 11, 19
What are the prime factors of 8838?
2, 3, 491
List the prime factors of 3421.
11, 311
List the prime factors of 1030.
2, 5, 103
What are the prime factors of 4724?
2, 1181
List the prime factors of 4310.
2, 5, 431
What are the prime factors of 38617?
23, 73
What are the prime factors of 2573?
31, 83
List the prime factors of 47897.
211, 227
List the prime factors of 14039.
101, 139
What are the prime factors of 35324?
2, 8831
What are the prime factors of 7674?
2, 3, 1279
List the prime factors of 18366.
2, 3, 3061
What are the prime factors of 2943?
3, 109
List the prime factors of 56741.
23, 2467
What are the prime factors of 14316?
2, 3, 1193
What are the prime factors of 1814?
2, 907
List the prime factors of 162.
2, 3
List the prime factors of 9518.
2, 4759
What are the prime factors of 787?
787
What are the prime factors of 63536?
2, 11, 19
List the prime factors of 904.
2, 113
List the prime factors of 456.
2, 3, 19
What are the prime factors of 6408?
2, 3, 89
List the prime factors of 9551.
9551
What are the prime factors of 9141?
3, 11, 277
What are the prime factors of 2641?
19, 139
List the prime factors of 19888.
2, 11, 113
What are the prime factors of 38273?
38273
List the prime factors of 3934.
2, 7, 281
List the prime factors of 72528.
2, 3, 1511
List the prime factors of 21625.
5, 173
What are the prime factors of 8832?
2, 3, 23
What are the prime factors of 4185?
3, 5, 31
List the prime factors of 55695.
3, 5, 47, 79
What are the prime factors of 119691?
3, 11, 13, 31
What are the prime factors of 4800?
2, 3, 5
List the prime factors of 8955.
3, 5, 199
What are the prime factors of 8025?
3, 5, 107
What are the prime factors of 78937?
193, 409
What are the prime factors of 1773?
3, 197
What are the prime factors of 333?
3, 37
What are the prime factors of 7474?
2, 37, 101
What are the prime factors of 7800?
2, 3, 5, 13
What are the prime factors of 454?
2, 227
List the prime factors of 1521.
3, 13
What are the prime factors of 5536?
2, 173
List the prime factors of 22905.
3, 5, 509
What are the prime factors of 5754?
2, 3, 7, 137
What are the prime factors of 1637?
1637
List the prime factors of 37993.
37993
What are the prime factors of 36647?
13, 2819
List the prime factors of 5542.
2, 17, 163
What are the prime factors of 618?
2, 3, 103
What are the prime factors of 996?
2, 3, 83
What are the prime factors of 9700?
2, 5, 97
What are the prime factors of 5338?
2, 17, 157
List the prime factors of 4472.
2, 13, 43
What are the prime factors of 143126?
2, 71563
What are the prime factors of 4985?
5, 997
What are the prime factors of 108?
2, 3
List the prime factors of 74.
2, 37
List the prime factors of 11208.
2, 3, 467
List the prime factors of 7592.
2, 13, 73
List the prime factors of 73504.
2, 2297
What are the prime factors of 2259?
3, 251
List the prime factors of 5864.
2, 733
List the prime factors of 1794.
2, 3, 13, 23
What are the prime factors of 2802?
2, 3, 467
What are the prime factors of 1146?
2, 3, 191
What are the prime factors of 1136?
2, 71
List the prime factors of 26370.
2, 3, 5, 293
What are the prime factors of 14241?
3, 47, 101
List the prime factors of 130628.
2, 17, 113
List the prime factors of 10906.
2, 7, 19, 41
List the prime factors of 19355.
5, 7, 79
List the prime factors of 20377.
7, 41, 71
List the prime factors of 10612.
2, 7, 379
List the prime factors of 1621.
1621
List the prime factors of 1471.
1471
List the prime factors of 4707.
3, 523
What are the prime factors of 49962?
2, 3, 11, 757
What are the prime factors of 32862?
2, 3, 5477
List the prime factors of 170841.
3, 11, 31, 167
What are the prime factors of 448?
2, 7
List the prime factors of 7795.
5, 1559
What are the prime factors of 3290?
2, 5, 7, 47
List the prime factors of 9933.
3, 7, 11, 43
List the prime factors of 35919.
3, 13, 307
What are the prime factors of 14565?
3, 5, 971
List the prime factors of 26493.
3, 8831
List the prime factors of 81.
3
What are the prime factors of 7689?
3, 11, 233
What are the prime factors of 798?
2, 3, 7, 19
List the prime factors of 11242.
2, 7, 11, 73
What are the prime factors of 382?
2, 191
List the prime factors of 15.
3, 5
List the prime factors of 37577.
53, 709
List the prime factors of 4933.
4933
List the prime factors of 20216.
2, 7, 19
List the prime factors of 1450.
2, 5, 29
List the prime factors of 2328.
2, 3, 97
List the prime factors of 2338.
2, 7, 167
List the prime factors of 33423.
3, 13, 857
List the prime factors of 9297.
3, 1033
List the prime factors of 327.
3, 109
What are the prime factors of 2913?
3, 971
List the prime factors of 9375.
3, 5
List the prime factors of 616.
2, 7, 11
List the prime factors of 24131.
59, 409
List the prime factors of 19672.
2, 2459
What are the prime factors of 18557?
7, 11, 241
List the prime factors of 2124.
2, 3, 59
List the prime factors of 25925.
5, 17, 61
What are the prime factors of 20030?
2, 5, 2003
What are the prime factors of 3976?
2, 7, 71
List the prime factors of 7142.
2, 3571
What are the prime factors of 32272?
2, 2017
List the prime factors of 915.
3, 5, 61
List the prime factors of 21282.
2, 3, 3547
What are the prime factors of 27466?
2, 31, 443
What are the prime factors of 515?
5, 103
What are the prime factors of 1305?
3, 5, 29
What are the prime factors of 1276?
2, 11, 29
List the prime factors of 13645.
5, 2729
What are the prime factors of 609?
3, 7, 29
List the prime factors of 78892.
2, 11, 163
List the prime factors of 4379.
29, 151
List the prime factors of 1201.
1201
List the prime factors of 3328.
2, 13
What are the prime factors of 7766?
2, 11, 353
What are the prime factors of 1055?
5, 211
List the prime factors of 617.
617
List the prime factors of 16795.
5, 3359
List the prime factors of 6652.
2, 1663
List the prime factors of 11706.
2, 3, 1951
What are the prime factors of 1554?
2, 3, 7, 37
What are the prime factors of 6364?
2, 37, 43
What are the prime factors of 98?
2, 7
List the prime factors of 1105.
5, 13, 17
What are the prime factors of 287?
7, 41
What are the prime factors of 14649?
3, 19, 257
What are the prime factors of 7423?
13, 571
List the prime factors of 72430.
2, 5, 7243
List the prime factors of 28170.
2, 3, 5, 313
List the prime factors of 479.
479
List the prime factors of 2438.
2, 23, 53
What are the prime factors of 5148?
2, 3, 11, 13
What are the prime factors of 206?
2, 103
What are the prime factors of 1856?
2, 29
List the prime factors of 262.
2, 131
What are the prime factors of 867?
3, 17
What are the prime factors of 68?
2, 17
List the prime factors of 2728.
2, 11, 31
List the prime factors of 929.
929
What ar